te l(-19).
8
Let f(b) = b**3 - 2*b**2 + 7*b - 9. Determine f(3).
21
Let z(q) = -5*q - 27. Calculate z(-7).
8
Let r(v) = 2*v**3 + 18*v**2 + 4*v - 18. What is r(-7)?
150
Let x(d) = 3*d**2 + 24*d - 16. Calculate x(-8).
-16
Let l(s) = s**3 - 9*s**2 + 10*s - 8. Calculate l(6).
-56
Let o(u) = u**3 + u**2 - u - 4. What is o(-2)?
-6
Let n(h) = -h**2 - 108*h + 1052. Give n(9).
-1
Let y(w) = 7*w - 1. Give y(-2).
-15
Let t(r) = r**2 - 2*r - 6. Give t(5).
9
Let l(q) = -q**2 + 22*q + 89. Calculate l(26).
-15
Let h(u) = u**3 + 22*u**2 + 39*u - 17. Determine h(-20).
3
Let r(b) = -3*b**2 + 3*b - 6. What is r(2)?
-12
Let w(c) = -6*c - 73. Calculate w(-14).
11
Let f(m) = -m - 21. Give f(9).
-30
Let u(o) = -5*o**2 + 11*o - 1. Give u(4).
-37
Let f(h) = -2*h**2 - 6*h - 3. Give f(-4).
-11
Let g(q) = -q**3 - 4*q**2 - 3*q + 1. Calculate g(-4).
13
Let m(z) = -2*z**2 - 30*z - 13. Calculate m(-13).
39
Let z(d) = -d - 19. Calculate z(-17).
-2
Let j(f) = -f. Calculate j(-7).
7
Let n(g) = -g**3 + 6*g**2 - 3*g + 2. What is n(4)?
22
Let z(y) = -y**3 - 18*y**2 + 20*y + 28. Determine z(-19).
9
Let f(w) = 2*w**3 + w**2 - 3*w - 4. What is f(-2)?
-10
Let d(i) = -94*i - 5. Determine d(-1).
89
Let g(z) = -29*z + 329. What is g(11)?
10
Let j(c) = -c**2 + 5*c - 5. Calculate j(3).
1
Let h(w) = -14*w - 5. What is h(4)?
-61
Let j(h) = 2*h**3 - 11*h**2 - 13*h + 28. What is j(6)?
-14
Let b(k) = k**2 + 8*k + 8. Calculate b(-7).
1
Let d(m) = -48*m - 2. Determine d(1).
-50
Let d(v) = -v**3 - 7*v**2 - 5*v. Calculate d(-6).
-6
Let o(i) = i**3 - 14*i**2 - 8*i - 2. What is o(14)?
-114
Let i(t) = -t**2 + 3*t - 9. Give i(3).
-9
Let r(a) = -a**3 + 10*a**2. Give r(10).
0
Let f(v) = 22*v**3 + v**2. What is f(1)?
23
Let a(z) = 6*z + 8. Determine a(-8).
-40
Let j(i) = 2*i**3 - 8*i**2 + 14*i - 63. Give j(4).
-7
Let d(a) = a**2 - 16*a + 11. Determine d(16).
11
Let p(z) = -z**2 + z + 1. Determine p(-7).
-55
Let u(c) = -c**2 + c - 6. Calculate u(7).
-48
Let x(o) = -2*o - 24. Calculate x(-8).
-8
Let k(u) = -4*u**3 - 2*u**2 - 5*u - 7. Give k(-1).
0
Let h(i) = i**3 - 4*i**2 - i + 3. What is h(5)?
23
Let b(q) = 3*q - 80. Calculate b(28).
4
Let m(k) = 11*k - 12. Determine m(0).
-12
Let g(c) = -c**3 - 4*c**2 + 15*c + 26. Calculate g(-6).
8
Let z(q) = 2*q**2 + 2*q - 1. Give z(-3).
11
Let f(p) = p**2 - 28*p - 58. What is f(26)?
-110
Let a(j) = -j**3 + 5*j**2 + 14*j + 9. What is a(7)?
9
Let v(p) = 51*p + 322. Calculate v(-6).
16
Let u(v) = -v**3 - 23*v**2 + v + 40. Determine u(-23).
17
Let c(i) = 26*i - 44. Determine c(2).
8
Let v(i) = i**2 + 13*i + 49. Determine v(-7).
7
Let j(f) = -f**2 - 7*f + 169. Calculate j(-17).
-1
Let y(f) = -f**2 + 3*f + 2. Calculate y(-2).
-8
Let q(y) = -y**3 - 13*y**2 - 40*y + 7. What is q(-7)?
-7
Let t(y) = y**3 - 11*y**2 + 31*y - 5. Determine t(4).
7
Let p(r) = -64*r - 244. What is p(-5)?
76
Let q(h) = 5*h - 1. Calculate q(13).
64
Let h(s) = 10*s**3 + 2*s - 2. Determine h(1).
10
Let r(x) = x**3 + 10*x**2 + 6*x - 11. What is r(-9)?
16
Let c(h) = 6*h**2 + 3*h - 1. Determine c(-5).
134
Let s(o) = 10*o**3 + 3*o**2 + o - 2. Calculate s(-2).
-72
Let s(w) = -2*w**3 + 5*w**2 + 5*w + 5. Determine s(3).
11
Let d(u) = -u**3 - 6*u**2 - 2*u - 11. Calculate d(-3).
-32
Let o(d) = -2*d + 3. Give o(3).
-3
Let p(i) = 2*i - 32. Determine p(12).
-8
Let y(s) = s - 1. Calculate y(-12).
-13
Let i(u) = -5*u - 54. Determine i(-10).
-4
Let j(d) = d**3 + 10*d**2 - 10*d - 19. Calculate j(-10).
81
Let p(s) = s**3 + 28*s**2 - 31*s - 68. Give p(-29).
-10
Let l(z) = 7*z. What is l(4)?
28
Let f(d) = -6*d - 30. Calculate f(-5).
0
Let h(s) = s + 24. What is h(0)?
24
Let m(d) = -4*d**3 + 2*d**2 - d. What is m(1)?
-3
Let d(v) = -v**2 - 13*v - 1. Calculate d(-4).
35
Let r(m) = 24*m - 19. What is r(5)?
101
Let n(r) = r**3 + r**2 + r + 18. What is n(0)?
18
Let y(j) = -2*j + 12. Determine y(8).
-4
Let p(t) = 3*t**3 - t**2 - 2*t. What is p(-2)?
-24
Let b(o) = 2*o**3 - 7*o**2 + 7*o - 27. Determine b(5).
83
Let k(z) = -5*z + 2. Give k(-8).
42
Let g(f) = -2*f**3 - 3*f**2 + 2*f - 1. Give g(-3).
20
Let j(m) = m**2 + 21*m + 63. Calculate j(-4).
-5
Let n(b) = -51*b**2 + 14*b - 13. Determine n(1).
-50
Let q(f) = 2*f**2 + 113*f - 63. What is q(-57)?
-6
Let m(x) = -3*x + 12. Give m(6).
-6
Let i(c) = -c**3 + c**2 - 2*c + 4. What is i(2)?
-4
Let m(r) = r**3 - 7*r**2 + 11*r. What is m(5)?
5
Let u(y) = y**3 - 3*y**2 - 4*y + 3. Calculate u(4).
3
Let d(r) = -2*r + 3. Give d(1).
1
Let h(m) = -2*m**2 + 39*m - 50. Calculate h(18).
4
Let m(o) = -7*o**2 - 36*o + 6. Calculate m(-5).
11
Let d(x) = 2*x**2 + 78*x - 9. Give d(-39).
-9
Let d(s) = -s**3 - 5*s**2 - 25*s - 119. Determine d(-5).
6
Let s(t) = -t**2 - 2*t - 23. Give s(-7).
-58
Let b(l) = l**2 - 10*l - 4. Determine b(8).
-20
Let r(a) = -a**3 + 17*a**2 + 18*a + 9. Determine r(18).
9
Let s(l) = -5*l + 110. What is s(24)?
-10
Let c(m) = m + 8. Determine c(-5).
3
Let d(z) = -z**3 + 19*z**2 + 18*z + 12. Calculate d(20).
-28
Let c(z) = -2*z**2 + 4*z + 30. Calculate c(0).
30
Let x(j) = -5*j - 136. What is x(-29)?
9
Let l(k) = 10*k**2 + 9*k + 15. Give l(-2).
37
Let y(z) = -z**2 - 19*z - 37. Give y(-17).
-3
Let p(s) = -s**2 + 20*s - 93. Give p(12).
3
Let r(g) = -3*g**3 - 2*g**2 - g + 7. Determine r(3).
-95
Let g(j) = j**3 - 5*j**2 + 3*j. Give g(5).
15
Let f(c) = -2*c**2 + 5*c. What is f(5)?
-25
Let m(s) = 15*s - 13. Determine m(1).
2
Let v(n) = n**2 - 6*n + 7. Give v(6).
7
Let i(y) = 16*y + 433. Determine i(-28).
-15
Let o(s) = 8*s**2 - 50*s + 21. What is o(6)?
9
Let j(r) = -4*r**2 + 5*r + 36. Determine j(4).
-8
Let a(h) = -4*h - 9. Calculate a(-3).
3
Let z(r) = 2*r**2 - 24*r - 20. Calculate z(13).
6
Let p(z) = 49*z**3 - 1. Calculate p(-1).
-50
Let j(h) = h**2 - 8*h + 5. Determine j(6).
-7
Let i(z) = -13*z - 5. Calculate i(-3).
34
Let x(i) = 4*i - 5. Determine x(5).
15
Let m(y) = -6*y**3 + y**2 - 4*y + 4. Give m(1).
-5
Let t(d) = -4*d + 31. Give t(9).
-5
Let c(k) = -11*k + 77. What is c(7)?
0
Let y(z) = -z**2 + 8*z + 11. What is y(9)?
2
Let q(f) = -33*f. What is q(-1)?
33
Let r(x) = 5*x - 68. Determine r(12).
-8
Let n(l) = 8*l**2 + 4*l + 2. Give n(-3).
62
Let i(p) = 3*p + 12. Give i(10).
42
Let b(p) = 4*p - 7. Give b(4).
9
Let a(c) = -2*c + 7. Calculate a(-3).
13
Let p(m) = -m**2 - 9. Give p(-4).
-25
Let g(f) = f**3 + f**2 + 4*f + 4. Calculate g(-1).
0
Let g(k) = -k**3 - 10*k**2 - 2*k - 32. Determine g(-10).
-12
Let c(o) = -o**2 + 11*o + 6. Determine c(16).
-74
Let c(o) = o**2 + 12*o + 14. Give c(-10).
-6
Let k(q) = q**3 + 5*q**2 - 8*q + 4. Give k(-7).
-38
Let y(v) = -v**3 - 13*v**2 + 12*v + 32. Give y(-14).
60
Let v(g) = -6*g - 11. Determine v(9).
-65
Let r(f) = -3*f - 15. Give r(-6).
3
Let x(y) = -y**3 + 12*y**2 + 2*y. Determine x(13).
-143
Let o(z) = -2*z**3 + 8*z**2 - 4*z + 9. Give o(4).
-7
Let q(k) = -62*k + 997. What is q(16)?
5
Let c(x) = 2*x**2 + 11*x - 81. Determine c(4).
-5
Let g(j) = -2*j - 18. Give g(-10).
2
Let q(j) = 36*j - 77. Give q(2).
-5
Let y(p) = p**2 + 11*p + 1. What is y(-11)?
1
Let t(l) = 50*l**2 + 1. What is t(1)?
51
Let c(p) = p**2 + 15*p - 1. What is c(-10)?
-51
Let d(r) = 2*r**2 - 10*r - 21. Give d(7).
7
Let c(z) = -z**2 + 2*z. Give c(4).
-8
Let p(z) = -2*z**3 + z**2 + z - 19. Determine p(0).
-19
Let y(g) = g**3 + 7*g**2 - 6*g + 17. Determine y(-8).
1
Let v(r) = -5*r**2 - 5. Give v(-2).
-25
Let j(c) = -2*c**2 + 26*c - 31. What is j(10)?
29
Let h(g) = -g**2 - 6*g. What is h(-5)?
5
Let w(v) = 34*v - 6. Determine w(2).
62
Let s(i) = -i**3 - 8*i**2 - 12*i - 24. Give s(-5).
-39
Let b(q) = 2*q**3 + 2*q + 3. Determine b(-3).
-57
Let b(z) = 4*z + 35. Calculate b(-10).
-5
Let h(n) = n**3 + 2*n**2 + 6*n + 8. Calculate h(-4).
-48
Let u(l) = 17*l**3 + l**2 - 4*l + 2. What is u(1)?
16
Let k(y) = y**3 - 13*y**2 + 35*y + 16. Calculate k(9).
7
Let k(v) = -v**2 + 18*v + 57. Give k(21).
-6
Let w(f) = 14*f**3 - f**2 + 7*f + 8. Determine w(-1).
-14
Let w(b) = -5*b + 25. What is w(7)?
-10
Let i(a) = 2*a + 19. What is i(-4)?
11
Let t(j) = -j**3 - 9*j**2 - 13*j - 10. Calculate t(-7).
-17
Let w(j) = -j**3 - 7*j**2 + 3*j - 1. Determine w(-7).
-22
Let w(o) = -3*o - 16. What is w(8)?
-40
Let o(m) = 11*m - 9. Give o(-6).
-75
Let a(y) = -24*y - 1. Determine a(-2).
47
Let a(d) = -19*d - 1. Calculate a(-1).
18
Let k(n) = -n**2 - 11*n - 4. What is k(-10)?
6
Let w(q) = -q**2 + 20*q - 34. Calculate w(16)